{"id":173,"date":"2019-05-28T11:01:14","date_gmt":"2019-05-28T11:01:14","guid":{"rendered":"https:\/\/www.addon-akverein.mb-marketing.ch\/?page_id=173"},"modified":"2019-06-14T11:19:49","modified_gmt":"2019-06-14T11:19:49","slug":"notre-comite-et-ses-membres","status":"publish","type":"page","link":"https:\/\/www.akverein.org\/fr\/notre-comite-et-ses-membres\/","title":{"rendered":"Le comit\u00e9 et ses membres"},"content":{"rendered":"\n<p> Le comit\u00e9 est form\u00e9 de trois personnes, qui se rencontrent chaque deux mois pour \u00e9changer\u00a0 sur les diff\u00e9rents sujets de l\u2019association\u00a0 et d\u00e9velopper des strat\u00e9gies. Le comit\u00e9 reste en contact permanent avec ses partenaires en R\u00e9publique d\u00e9mocratique du Congo. <\/p>\n\n\n\n<p> Chaque ann\u00e9e, une assembl\u00e9e g\u00e9n\u00e9rale est convoqu\u00e9e pour discuter des diff\u00e9rents th\u00e8mes \u00e0 l\u2019ordre du jour.<\/p>\n\n\n\n<p><strong> 2014  Afrika Kontakt Verein a c\u00e9l\u00e9br\u00e9  son vingti\u00e8me anniversaire<\/strong>.<\/p>\n\n\n\n<ul class=\"wp-block-list\"><li>Pr\u00e9sident: Gilbert Mbonunu<\/li><li>Secr\u00e9taire: Mireille Stengele<\/li><li>Caissi\u00e8re : Beatrice Zollinger<\/li><\/ul>\n\n\n\n<h5 class=\"wp-block-heading\"><strong>Responsable des projets <\/strong><\/h5>\n\n\n\n<figure class=\"wp-block-image\"><img loading=\"lazy\" decoding=\"async\" width=\"1024\" height=\"475\" src=\"https:\/\/www.akverein.org\/wp-content\/uploads\/2019\/04\/Projektleitung1-1024x475.jpg\" alt=\"\" class=\"wp-image-16\" srcset=\"https:\/\/www.akverein.org\/wp-content\/uploads\/2019\/04\/Projektleitung1.jpg 1024w, https:\/\/www.akverein.org\/wp-content\/uploads\/2019\/04\/Projektleitung1-300x139.jpg 300w, https:\/\/www.akverein.org\/wp-content\/uploads\/2019\/04\/Projektleitung1-768x356.jpg 768w\" sizes=\"auto, (max-width: 1024px) 100vw, 1024px\" \/><\/figure>\n\n\n\n<p>Gilbert Mbonunu, fondateur de l\u2019Afrika Kontakt Verein , et originaire de la r\u00e9publique d\u00e9mocratique du Congo, est responsable de nos projets. Il s\u2019engage personnellement \u00e0 leur r\u00e9ussite. Nos membres et nos sympathisants l\u2019accompagnent sur place pour t\u00e9moigner du succ\u00e8s&nbsp;de nos activit\u00e9s.<\/p>\n\n\n\n<p>Sa misssion humanitaire commence en 1994 au Burkina Faso, par l&rsquo;envoie des m\u00e9dicaments, des habits, des objets scolaires, pour soulager la population locale. Depuis 1994, il met toute son \u00e9nergie pour venir en aide aux enfants, femmes et familles,en r\u00e9publique d\u00e9mocratique du congo.<\/p>\n","protected":false},"excerpt":{"rendered":"<p>Le comit\u00e9 est form\u00e9 de trois personnes, qui se rencontrent chaque deux mois pour \u00e9changer\u00a0 sur les diff\u00e9rents sujets de l\u2019association\u00a0 et d\u00e9velopper des strat\u00e9gies. Le comit\u00e9 reste en contact permanent avec ses partenaires en R\u00e9publique d\u00e9mocratique du Congo. Chaque ann\u00e9e, une assembl\u00e9e g\u00e9n\u00e9rale est convoqu\u00e9e pour discuter des diff\u00e9rents th\u00e8mes \u00e0 l\u2019ordre du jour. [&hellip;]<\/p>\n","protected":false},"author":1,"featured_media":0,"parent":0,"menu_order":0,"comment_status":"closed","ping_status":"closed","template":"","meta":{"footnotes":""},"class_list":["post-173","page","type-page","status-publish","czr-hentry"],"_links":{"self":[{"href":"https:\/\/www.akverein.org\/fr\/wp-json\/wp\/v2\/pages\/173","targetHints":{"allow":["GET"]}}],"collection":[{"href":"https:\/\/www.akverein.org\/fr\/wp-json\/wp\/v2\/pages"}],"about":[{"href":"https:\/\/www.akverein.org\/fr\/wp-json\/wp\/v2\/types\/page"}],"author":[{"embeddable":true,"href":"https:\/\/www.akverein.org\/fr\/wp-json\/wp\/v2\/users\/1"}],"replies":[{"embeddable":true,"href":"https:\/\/www.akverein.org\/fr\/wp-json\/wp\/v2\/comments?post=173"}],"version-history":[{"count":11,"href":"https:\/\/www.akverein.org\/fr\/wp-json\/wp\/v2\/pages\/173\/revisions"}],"predecessor-version":[{"id":313,"href":"https:\/\/www.akverein.org\/fr\/wp-json\/wp\/v2\/pages\/173\/revisions\/313"}],"wp:attachment":[{"href":"https:\/\/www.akverein.org\/fr\/wp-json\/wp\/v2\/media?parent=173"}],"curies":[{"name":"wp","href":"https:\/\/api.w.org\/{rel}","templated":true}]}}

Le comité et ses membres

<p> Le comité est formé de trois personnes, qui se rencontrent chaque deux mois pour échanger  sur les différents sujets de l’association  et développer des stratégies. Le comité reste en contact permanent avec ses partenaires en République démocratique du Congo. </p>



<p> Chaque année, une assemblée générale est convoquée pour discuter des différents thèmes à l’ordre du jour.</p>



<p><strong> 2014  Afrika Kontakt Verein a célébré  son vingtième anniversaire</strong>.</p>



<ul class="wp-block-list"><li>Président: Gilbert Mbonunu</li><li>Secrétaire: Mireille Stengele</li><li>Caissière : Beatrice Zollinger</li></ul>



<h5 class="wp-block-heading"><strong>Responsable des projets </strong></h5>



<figure class="wp-block-image"><img loading="lazy" decoding="async" width="1024" height="475" src="https://www.akverein.org/wp-content/uploads/2019/04/Projektleitung1-1024x475.jpg" alt="" class="wp-image-16" srcset="https://www.akverein.org/wp-content/uploads/2019/04/Projektleitung1.jpg 1024w, https://www.akverein.org/wp-content/uploads/2019/04/Projektleitung1-300x139.jpg 300w, https://www.akverein.org/wp-content/uploads/2019/04/Projektleitung1-768x356.jpg 768w" sizes="auto, (max-width: 1024px) 100vw, 1024px" /></figure>



<p>Gilbert Mbonunu, fondateur de l’Afrika Kontakt Verein , et originaire de la république démocratique du Congo, est responsable de nos projets. Il s’engage personnellement à leur réussite. Nos membres et nos sympathisants l’accompagnent sur place pour témoigner du succès&nbsp;de nos activités.</p>



<p>Sa misssion humanitaire commence en 1994 au Burkina Faso, par l&rsquo;envoie des médicaments, des habits, des objets scolaires, pour soulager la population locale. Depuis 1994, il met toute son énergie pour venir en aide aux enfants, femmes et familles,en république démocratique du congo.</p>

<p>Le comité est formé de trois personnes, qui se rencontrent chaque deux mois pour échanger  sur les différents sujets de l’association  et développer des stratégies. Le comité reste en contact permanent avec ses partenaires en République démocratique du Congo. Chaque année, une assemblée générale est convoquée pour discuter des différents thèmes à l’ordre du jour. [&hellip;]</p>
